 = 60. Suppose f + n*q - 259 = 0, -4*f + 438 = 2*q - 570. What is the units digit of f?
1
What is the hundreds digit of (-6)/4*(-14930)/15?
4
Suppose -f = n - 1586, -4344 = -3*f - n + 422. What is the hundreds digit of f?
5
Let l = -102 + 75. Let o = 219 + l. What is the units digit of o?
2
Let x(p) = 5*p**2 + 14*p + 3. Let n(f) = 9*f**2 + 26*f + 6. Let w(c) = 3*n(c) - 5*x(c). Let j be 1/1*6/(-1). What is the units digit of w(j)?
7
Suppose -6*r = -2*r. Suppose r = y - 81 + 27. Let i = y - 25. What is the tens digit of i?
2
Suppose -4 = -p - 0*p. Suppose 11 = -70*r + 81*r. Suppose -2*v - p*g + 44 = 0, -21 = -v - 5*g + r. What is the tens digit of v?
2
Suppose 0 = 8*f - 4*f - 2380. What is the hundreds digit of f?
5
Let w = -1636 + 2426. What is the hundreds digit of w?
7
Suppose -2*k + 1991 = -1031. What is the hundreds digit of k?
5
Suppose -182 = 6*n - 782. What is the tens digit of n?
0
Suppose -4*h = 21 - 173. Suppose 26 = 2*a - h. What is the units digit of a?
2
Let z(m) = -m**3 + 10*m**2 + 21*m - 5 + 0 + 7*m**2. What is the units digit of z(18)?
9
Let n be (8/(-5))/(26/65). Let s = n - -67. What is the units digit of s?
3
Let s = -9 - -10. Suppose 5*z + 5*a - 10 = 0, -5*z + 3*a + s = -9. Suppose 33 = z*b - 9. What is the units digit of b?
1
Suppose f - a = 1493, -18*f + a + 7473 = -13*f. What is the thousands digit of f?
1
Suppose -3*x - 19*m + 23*m = -2687, 2*m = -4*x + 3590. What is the hundreds digit of x?
8
Suppose 6 + 4 = 2*u. Suppose -u*f + 6 = -3*f. Suppose -f*t - 21 = -4*t. What is the units digit of t?
1
Suppose 0 = -37*g + 38*g - 1220. What is the thousands digit of g?
1
Suppose c = -3*n - c + 129, -129 = -3*n - c. Suppose -46*b + 237 = -n*b. What is the units digit of b?
9
Suppose -2*o - 2*o + 3*s = -2, 4*o - 4*s = 0. Suppose 56 = 5*y + 4*m - 48, 4*m = o*y - 36. What is the units digit of y?
0
Let j(u) = -4*u**2 - 12*u - 4. Let r(k) = -5*k**2 - 13*k - 5. Let l(t) = 4*j(t) - 3*r(t). Let v = 13 + -21. What is the units digit of l(v)?
7
Suppose -360 = -5*f + 160. Let g = f + -73. What is the units digit of g?
1
Let u be (-2)/(-4) + 531/6. Suppose -u + 285 = 2*t. What is the tens digit of t?
9
Suppose -v - 52 = -5*v. Suppose 0 = -3*n - v + 1. What is the units digit of 1*4/(-16)*n?
1
Let d(i) = -i**3 - 4*i**2 - 2. What is the tens digit of d(-12)?
5
What is the thousands digit of (-488445)/(-195) + (-4)/(-26)?
2
Suppose 9*d - 2*d = -392. Let g = d - -205. What is the units digit of g?
9
Suppose s - 1 - 1 = 0. Suppose s*a + 39 = -a - 3*t, -a = 2*t + 17. Let r(v) = -v - 3. What is the units digit of r(a)?
6
Let p = -593 - -984. What is the tens digit of p?
9
Let j = -3 + -25. What is the tens digit of 8/j + (-2232)/(-21)?
0
What is the hundreds digit of 2/(-5) + 20956/65 + -7?
3
Suppose -11*k + 115 = -6. Suppose -2*r = -k*r + 117. What is the tens digit of r?
1
Let x be (-3)/(-1) + 1 - 1. Suppose -1 + 12 = -x*j - 4*o, -o = 4*j - 7. Suppose -2*q - 105 = -5*d - 7*q, -j*d = -3*q - 33. What is the units digit of d?
6
Let r be ((-45)/10 - -4)*-22. Let k(b) = 2*b**2 - 11*b - 15. What is the hundreds digit of k(r)?
1
Let v be (-1 - 2) + 3 + 6 + -3. Suppose -5*t = -4*c - 909, v*t - 8*t = -5*c - 910. What is the hundreds digit of t?
1
Suppose 5*a - 4*z - 74 = -2*z, 0 = -a - 5*z + 4. Suppose 0 = -h - h - a. Let c(p) = p**2 + 3*p + 5. What is the units digit of c(h)?
3
Let k(d) = 17*d**3 - 10*d - 34. What is the thousands digit of k(4)?
1
Suppose -27*n = -2911 - 4298. What is the units digit of n?
7
Suppose -h - 4*m + 520 = 0, -1582 = -3*h - 12*m + 11*m. What is the tens digit of h?
2
Let g(n) = 505*n**2 - n + 2. What is the tens digit of g(1)?
0
Suppose -g + 3*x = g - 23, -2*g + 2*x = -22. Suppose 4*h + 24 = 5*o - 1, 2*o - g = -5*h. What is the units digit of o?
5
Let t(j) = 3*j - 3. Let i be t(5). Let g be ((-4)/(-12))/(2/i). Let f = g + 1. What is the units digit of f?
3
Suppose -3*v + 1286 = 44. What is the units digit of v?
4
Suppose 16 = -3*z + 4*z. Suppose -j = -z - 71. What is the units digit of j?
7
Let s = -481 + 850. What is the hundreds digit of s?
3
Let v(x) = -5*x**3 - 2*x**2 + 1. Let r be v(-1). Suppose -2*g + 27 + 13 = r*d, -14 = -g + d. Let u = g + -9. What is the units digit of u?
7
What is the thousands digit of 4/(112/57100) - (-4)/(-14)?
2
Let v = -18 - -18. Suppose v = 4*k - 2*k - 100. Let d = -19 + k. What is the tens digit of d?
3
What is the hundreds digit of (-33)/22 + 2878/4 + -3?
7
Suppose 6*t = 304 + 4004. What is the units digit of t?
8
Suppose -74*p = -73*p - 280. Suppose -33*h - p = -35*h. What is the hundreds digit of h?
1
Let z(u) = -u**3 + 11*u**2 - 22*u + 38. Let k be z(9). Suppose 5 = 3*g - 1. Suppose k*p - g*j - 24 = 74, -144 = -3*p + 2*j. What is the tens digit of p?
4
Suppose 3*i = 5*b + 18, 4*b + 5*i + 48 = 4. What is the units digit of ((-15)/b - 3)*(-206)/1?
3
Suppose 2*y - 9*y + 1645 = 0. Let j = y - 127. Suppose 10*d = 6*d + j. What is the units digit of d?
7
Suppose 10*y - 2763 = 5877. What is the units digit of y?
4
Let v = 3025 - 1982. What is the tens digit of v?
4
What is the tens digit of (-10507)/(-7)*(2 + 3 - 4)?
0
Let m = -45 + 7. Let p = 87 + m. What is the units digit of p?
9
Let i = -1469 - -3530. What is the units digit of i?
1
Let m = -9 - -6. Let v(d) = 6*d**2 - 3*d - 3. Let q be v(m). Suppose -2*r - 5*z + 63 + 1 = 0, 2*r + 3*z = q. What is the units digit of r?
7
Let q(s) = -s**2 + 5*s. Let z be q(4). Suppose -t = z*t - 180. Let a = t - 22. What is the tens digit of a?
1
Let a = 232 - 73. Suppose 5*s = a + 716. What is the units digit of s?
5
Suppose -20 = -4*z - z. Let p be 0 + (3 - -4*2). Suppose 0 = z*d - p - 21. What is the units digit of d?
8
Suppose 4*w - 38*c - 13315 = -39*c, -9982 = -3*w - 5*c. What is the tens digit of w?
2
Let j = 2633 + 936. What is the units digit of j?
9
Let o be (5/(-4))/(8/(-32)). Suppose -n = 3*n - 40. Let d = n - o. What is the units digit of d?
5
Let x(n) = -n**2 + 9*n - 3. Let r be x(8). Suppose -5*v - 155 = -10*v. Suppose r*b - 94 - v = 0. What is the units digit of b?
5
Let h(c) = 5*c**2 + 4*c + 14. Let a(s) = s**2 + s - 1. Let b(o) = 6*a(o) - h(o). What is the units digit of b(6)?
8
Let w(o) = -o**3 + 10*o**2 - 7*o - 8. Let q be w(10). Let r = -17 - q. What is the units digit of r?
1
Let j(x) = -x - 9. Let v be j(0). Let m(f) be the third derivative of -f**6/120 - 2*f**5/15 + 5*f**4/24 - f**3/6 + 4*f**2. What is the units digit of m(v)?
5
Suppose 3*k - 2608 = -5*h, -5*h + 0*h + 2*k = -2628. What is the tens digit of h?
2
Let l = 3 + -7. What is the units digit of 68 + 4*(-1)/l?
9
Let g(b) = 111*b**2 - 9*b - 4. What is the tens digit of g(2)?
2
Let r = -17 - 169. Let s = -99 - r. What is the units digit of s?
7
Let a(t) = -5*t**3 - 9*t**2 - 5*t - 1. Let u(k) = 0*k**3 + 2*k**3 + 8*k**2 + 4*k + 4*k**3 - 2*k**3. Let i(p) = -5*a(p) - 6*u(p). What is the tens digit of i(5)?
6
Let m = 416 - 158. What is the units digit of m?
8
Let u(l) = 2*l**2 + 13*l - 7. What is the hundreds digit of u(-22)?
6
Let q = -980 - -697. Let h = 494 + q. What is the hundreds digit of h?
2
Let x(b) = 6*b - 7. Let t be x(-9). Let a = t - -111. Let w = -34 + a. What is the tens digit of w?
1
Let j(l) be the first derivative of -l**2/2 + 8*l - 4. Suppose m + 13 = -2. What is the tens digit of j(m)?
2
Suppose 9*g - 2*j = 12*g - 635, -3*j = -2*g + 406. What is the hundreds digit of g?
2
Suppose -81*t - 2216 = -82*t. What is the hundreds digit of t?
2
Suppose -59 = f - 2*f - 2*t, 3*t = 5*f - 347. Let k = -29 + f. What is the units digit of k?
8
Let w be 16 + 6/(-3)*1. Let h = -29 + w. Let i = 10 - h. What is the tens digit of i?
2
Suppose 146 - 7549 = -11*o. What is the units digit of o?
3
What is the tens digit of (-2)/(-5) + 3/((-60)/(-1532))?
7
Let r(l) = l**3 - 10*l**2 + l + 6. Suppose -3*j - 2*j + 3*n + 59 = 0, -5*n + 35 = 5*j. What is the units digit of r(j)?
6
Let p = 2177 - 1507. What is the tens digit of p?
7
Let c = -1177 - -5391. What is the units digit of c?
4
Let n(o) = 10*o**2 + o. Suppose 10*h + 7 = 17. What is the tens digit of n(h)?
1
Suppose 1 + 21 = 11*b. Suppose -304 = -b*p + 2*l, -4*l = 4*p - 5*l - 623. What is the units digit of p?
7
Let h(j) = j**3 + 7*j**2 + 9. Let k be 35*(8/5)/(-4). Let t = -21 - k. What is the units digit of h(t)?
9
Suppose -13 = -3*